= -2*x - 8. What is d(w)?
12
Let u = -310 - -315. Suppose -9*z = -u*z - 52. Let h(c) = c - 1. Determine h(z).
12
Let k(d) = 34*d - 12. Let f be k(-2). Let t = f - -80. Let n(a) = -1 + 4 + a**3 - 2 + t. Calculate n(1).
2
Suppose -2*m = 4*p + 22, -3*p + m = 103 - 104. Let c(z) = -21*z - 3. Determine c(p).
39
Let g(d) = -14*d**2 + 14*d**3 + 24*d - 11*d**3 + 5 - 4*d + 5*d**2. Let r(t) = -2*t**3 + 6*t**2 - 13*t - 3. Let v(p) = 5*g(p) + 8*r(p). Determine v(3).
-11
Let n(h) = -h**2 - 8*h - 23. Suppose 125*b - 127*b + 12 = -r, -5*r + 4*b - 42 = 0. Calculate n(r).
-11
Suppose -57*l + 146 + 292 = -502*l - 7. Let v(w) = 4 - 3 - 2*w + 4*w + 17*w**2. Calculate v(l).
16
Let i(f) = f**3 + 9*f**2 - 10*f + 12. Let r = -7146 + 7136. Calculate i(r).
12
Let k(x) be the first derivative of x**6/360 - x**5/10 - 7*x**4/12 + 4*x**3/3 + 23*x**2/2 + 27. Let y(v) be the third derivative of k(v). Give y(13).
-1
Suppose -5*c = -3*v - 0*c - 1, -3*v + 19 = 5*c. Let o(d) = -2*d - 6 + 23*d**3 - 24*d**3 - 2 - 3*d**2 + v. Calculate o(-4).
19
Let p(a) = 81 + 161 - 390 + 13*a + 212 + 111. What is p(-14)?
-7
Let m(a) = 2*a**2 - 2*a - 1. Let u be 2/(-3) - (14660/(-15))/(-4). Let s = -243 - u. What is m(s)?
3
Let s(f) = -2*f**2 - 3062*f - 3082*f + 24 + 9197*f - 3076*f. Determine s(-11).
35
Let c(y) = -y + 2. Let f(i) = -3*i**2 + 11*i - 96. Let o(k) = -6*c(k) - f(k). Let u(g) be the first derivative of o(g). What is u(5)?
25
Suppose 22 - 2 = -3*t + l, 2*t = 4*l - 10. Let v be (t - -1) + (-208)/(-26). Let n(w) = -3*w**2 + 2*w - 1. What is n(v)?
-9
Let c(t) = 17*t - 508. Let z be c(30). Let q(g) = 48*g - 12 - 46*g + 2 + g**z. Calculate q(-4).
-2
Let r(l) = l + 3*l**2 - 15 + 75061*l**3 - 11 - 75059*l**3 + 27. Let p be 7*((-24)/14 + 2). Suppose 0 = -2*g - p*x - 10, -2*x + 12 = -6*x. What is r(g)?
-5
Let u(r) = -r**3 + 4*r**2 + 2*r - 3. Let t(p) = -2*p**3 - 37*p**2 - 16*p + 38. Let s be t(-18). Suppose 5*q + d - s*d - 12 = 0, 0 = q - d - 4. Give u(q).
9
Let n(w) = 3*w**2 - w. Let z be n(1). Let i(x) = x - z*x**2 - 4 + 3*x + 0. Let p be ((-239568)/2093 - -114)/(2/(-13)). Calculate i(p).
-10
Let b = -176 + 167. Let q(p) = p**3 + 10*p**2 + 12*p + 21. Let m be q(b). Let v(u) = -u**3 - 6*u**2 + u - 3. Calculate v(m).
-9
Suppose 3*s = 4*r + 40, 4*s - 2*s - 36 = 4*r. Let u(n) = 20*n + 117. Give u(r).
-23
Let a(k) = -30 - 33 - 2*k**2 - 2*k**2 + 3*k**2 + 12*k + 91. Determine a(-5).
-57
Let q(v) = -12 + 46*v**2 + 51*v**2 - 146*v**2 + 47*v**2 + 1 + 5*v. Determine q(-6).
-113
Let a(s) = -29*s**2 + 152*s + 1372. Let p(g) = -12*g**2 + 61*g + 551. Let n(z) = -5*a(z) + 12*p(z). Give n(-7).
-3
Let f(t) = -t**2. Let o(a) = -a - 1. Let x(z) = f(z) + 3*o(z). Determine x(-5).
-13
Let a(m) = -25*m + 13 - 5*m - 33 - 13*m + 41*m. What is a(-19)?
18
Let b = 271 + -268. Let f(q) = 4 + 36*q + 14*q**3 - 4*q**b - q**2 - 37*q - 9*q**3. Give f(0).
4
Let m(v) = v**3 + 22*v**2 - 24*v - 11. Let h be m(-23). Suppose 2*z = 3*y + 5*z - h, 0 = -3*y + 2*z + 22. Let l(d) = -d**3 + 5*d**2 + 4*d - 2. What is l(y)?
-14
Let y(q) be the first derivative of -q**4/4 + q**3 + 3*q**2/2 - 4*q + 4. Let t = 50 - 46. Suppose t*o = -4*h + 12, 2 = -o + 5*h + 5. What is y(o)?
5
Suppose -l + 18 = 5*u - 13, 6 = 2*u + 2*l. Let k(n) = -11*n + 78. Calculate k(u).
1
Let r(p) = -2679*p + 20 + 890*p + 895*p + 895*p. Give r(-16).
4
Let m = 7019 + -7017. Let x(s) = 2*s**2 + 6*s - 11. Give x(m).
9
Suppose -5*r + 2*m = 23, 2*r - 2 = -4*m + 8. Let n(b) = -17*b + 2. Let x(j) = 43*j - 7. Let l(u) = 5*n(u) + 2*x(u). Give l(r).
-7
Let i be (-7 - 5)/(2/(-3)). Let s be (-104)/i - 1*4/18. Let c(h) = -h**2 - 3*h - 6. Let u(g) = -2*g**2 - 7*g - 12. Let f(t) = 7*c(t) - 4*u(t). What is f(s)?
0
Suppose -31*u = 22*u + 530. Let a(j) = -j - 9. Give a(u).
1
Let u(s) = -3*s + 4. Let p(q) = -q + 1. Let t(r) = -14*p(r) + 4*u(r). Let z = -209 + 216. Let n(f) = -f**3 + 6*f**2 + 6*f + 12. Let y be n(z). Give t(y).
12
Suppose -1 = 3*c - 7. Let y(u) = -3*u + 4*u - 8*u + 0*u + u**c - 4. Determine y(8).
4
Let j = 13 + -10. Suppose 0 = 4*s + j*u + 19, 0 = 4*s - 4*u + 5 + 7. Let t(v) be the first derivative of v**2 - 4*v + 3. Give t(s).
-12
Let s(a) = -a**2 + 5*a - 8. Suppose 310*u = 333*u - 69. What is s(u)?
-2
Suppose -4*w - 3*x = 21, 0 = -w - 3*w + 4*x. Let b be (1 + w)*((-10)/(-4) - 5). Suppose -3*t = b + 1. Let c(o) = o**3 + 3*o**2 - o - 1. Calculate c(t).
5
Let t(f) = 13*f**3 + 14*f**2 + 2*f - 3. Let h = -248 - -247. Let j(n) = -2*n**3 - n**2 + n. Let d(p) = h*t(p) - 6*j(p). What is d(-7)?
10
Suppose -3*m = -0*m - 72. Suppose -m = -u + 9*u. Let t(p) = -343*p + 2 + 344*p + 2. What is t(u)?
1
Let f be -1 - (-4)/(-3)*3. Let q(t) be the first derivative of t**3/2 + 7*t**2/2 + 84*t - 115. Let v(y) be the first derivative of q(y). Give v(f).
-8
Let m(w) = w**3 - 10*w**2 + 23*w - 5. Let v be m(7). Let l(r) = -r**3 + 9*r**2 + 2*r - 6. Determine l(v).
12
Let f(r) = 60*r**2 - 7 + 63*r**2 - 242*r**2 - 3*r + 54*r**2 + 66*r**2. Determine f(5).
3
Let z(p) = 5*p**2 - 3*p + 5. Let d be z(2). Suppose m + f - 5 - 10 = 0, -2*m = -4*f - 42. Let r(q) = -m*q - d*q + 37*q. Give r(-1).
-1
Let u(v) = -7*v + 66. Let o(a) = a - 45. Let r(c) = 4*o(c) + 3*u(c). What is r(3)?
-33
Let h(k) = -25 + 23 + 16 - 2*k. Let v be (-6)/9*(-135)/10. What is h(v)?
-4
Let m(g) = 3*g**2 - 19*g + 32. Let a be m(3). Let d(f) = f**3 - 2*f**2 + 3*f - 3. Give d(a).
3
Let v(t) = -381 + 8*t**2 + 7*t**2 - 359 + 775 - 13*t - 14*t**2. Give v(11).
13
Let c(d) = -23*d - 8. Let a(n) = -8*n - 3. Let t(p) = -17*a(p) + 6*c(p). Let y = 219793 + -219789. What is t(y)?
-5
Let u(q) = -q**2 - 14*q + 10. Let v be ((33 + 7)/5 + (-182)/39)*-3. Determine u(v).
50
Let i(b) be the first derivative of -19*b**2/2 + 3*b + 6055. Calculate i(-2).
41
Let s(v) = 3*v**2 + 18*v - 5. Suppose -8 = -6*h - 3*o - 50, -4*o = -h + 2. Calculate s(h).
-5
Let y(w) = 3*w**3 + w**2 - w - 1. Suppose -3*b + 111 = 105. Give y(b).
25
Let l(k) = -k**2 - 8*k + 2. Let t(n) = -n + 11. Let y be t(9). Let f(j) = j**2 + 8*j - 3. Let r(o) = y*f(o) + 3*l(o). Suppose 27*d + 130 = d. Determine r(d).
15
Let y(c) = -c**3 + c**2 - 2*c + 1. Let l(g) = -3*g**3 + 6*g**2 - 10*g + 3. Let j(t) = -l(t) + 4*y(t). Let b(x) = -x + 2. Let r be b(5). Determine j(r).
4
Let z(n) = 32*n**2 - 92*n - 381. Let y(f) = 9*f**2 - 31*f - 126. Let b(q) = 7*y(q) - 2*z(q). Determine b(-4).
-4
Let x = -2604 - -2599. Let t(h) = 11 + 0*h - 7*h - 5 - 9. What is t(x)?
32
Let q(t) = -4*t**3 - t. Suppose 3 = 5*r + 2*v, 0*r - 5*r = 5*v. Suppose 3 = 4*z + 4*d - r, 5*z - 5*d + 5 = 0. Let j = z - -1. Determine q(j).
-5
Suppose -2*k = 13*w - 275, 5*w - k - 100 = 4*k. Let l(o) = o**3 - 20*o**2 - 25*o + 14. Give l(w).
-70
Let w(j) = 7*j**2 + 0 - 1 - 4*j**2 - j**3. Let l be 3 + (1 - 7) + (0 - 0). Let x be l + 3/6*12. Determine w(x).
-1
Suppose -2*u - 13*u - 7*u = -66. Let b(r) be the third derivative of 19*r**2 + 0 + 0*r - 1/24*r**4 + 1/6*r**u. What is b(1)?
0
Let a(h) = -h**3 + h. Suppose 0 = -10*j - 39 - 81. Let n be j/(-9)*-1*(-6)/4. Calculate a(n).
-6
Suppose -11*q + 2*l - 29 = -14*q, 2*l + 34 = 4*q. Let w(a) = 10*a - q + a**2 + 10*a - 2*a**2 - 7*a. Suppose -t + 5*f = 8, 5 = -2*f + 13. Give w(t).
3
Let l(f) = 0*f - 874179 + 874186 - 4*f + 5*f. Determine l(5).
12
Suppose 5 = -4*n - 3. Let u(v) = 119*v**3 + 45*v**2 - 31*v - 35. Let a(m) = 58*m**3 + 22*m**2 - 15*m - 17. Let j(d) = 37*a(d) - 18*u(d). Calculate j(n).
-21
Let v(p) = p + 7. Let a = -32 - -91. Let d = 58 - a. Let k be (-5 - -9) + (-2)/d. What is v(k)?
13
Suppose 2*x = -2*i + 6, 4*x = 3*i - 44 + 7. Let j(w) = -19*w - 14. Determine j(x).
62
Let y(a) = -4 - 51630*a + 16*a**2 - 4*a**3 - 144 + 51639*a + 3*a**3. Determine y(16).
-4
Suppose -5*x - 2*t + 8 = 28, -2*x - t = 9. Let g(d) = 226*d**2 + 0*d**3 - 117*d**2 + 2*d + d + d**3 - 107*d**2 + 2. Give g(x).
-4
Let i(w) = -w**2 - 2*w + 5. Let p = -457 - -477. Suppose -53*x = -57*x - p. Determine i(x).
-10
Let a(h) be the second derivative of 0*h**3 - 1/2*h**2 - 9*h + 0 - 1/12*h**4. Let w(x) = -3*x**2 - 2*x - 9. Let i(r) = -4*a(r) + w(r). Determine i(5).
10
Suppose 702 = 3*a - 3. Let l be (-9)/(-405)*a + (-2)/9. Let s(b) = b**3 - 2*b**2 - 8*b + 7. Calculate s(l).
42
Let g = 89 - 84. Suppose 3*d = g*c - 59, 0*c + 5*d = -3*c + 15. Let y(r) = -2*r - 1 + c*r - 10*r. Give y(2).
-5
Let q(c) = -161*c**2 - 10*c + 23. Let l(u)